{"id":15,"date":"2022-01-11T20:02:21","date_gmt":"2022-01-11T20:02:21","guid":{"rendered":"http:\/\/hostingwp2033406.online.pro\/dummy\/semineevestea\/?page_id=15"},"modified":"2022-01-31T15:02:59","modified_gmt":"2022-01-31T15:02:59","slug":"restaurari","status":"publish","type":"page","link":"https:\/\/semineevistea.ro\/index.php\/restaurari\/","title":{"rendered":"Restaur\u0103ri"},"content":{"rendered":"<p>[et_pb_section fb_built=&#8221;1&#8243; _builder_version=&#8221;4.14.5&#8243; _module_preset=&#8221;default&#8221; locked=&#8221;off&#8221; global_colors_info=&#8221;{}&#8221;][et_pb_row _builder_version=&#8221;4.14.5&#8243; _module_preset=&#8221;default&#8221; global_colors_info=&#8221;{}&#8221;][et_pb_column type=&#8221;4_4&#8243; _builder_version=&#8221;4.14.5&#8243; _module_preset=&#8221;default&#8221; global_colors_info=&#8221;{}&#8221;][et_pb_text _builder_version=&#8221;4.14.5&#8243; _module_preset=&#8221;default&#8221; text_font=&#8221;|700|||||||&#8221; text_text_color=&#8221;#FFFFFF&#8221; text_font_size=&#8221;30px&#8221; text_font_size_tablet=&#8221;25px&#8221; text_font_size_phone=&#8221;20px&#8221; text_font_size_last_edited=&#8221;on|phone&#8221; text_text_shadow_style=&#8221;preset1&#8243; global_colors_info=&#8221;{}&#8221;]<\/p>\n<p style=\"text-align: center;\">Restaur\u0103ri<\/p>\n<p>[\/et_pb_text][\/et_pb_column][\/et_pb_row][\/et_pb_section][et_pb_section fb_built=&#8221;1&#8243; _builder_version=&#8221;4.14.5&#8243; _module_preset=&#8221;default&#8221; use_background_color_gradient=&#8221;on&#8221; background_color_gradient_start=&#8221;rgba(0,0,0,0.2)&#8221; background_color_gradient_end=&#8221;rgba(0,0,0,0.3)&#8221; background_color_gradient_overlays_image=&#8221;on&#8221; background_image=&#8221;https:\/\/semineevistea.ro\/wp-content\/uploads\/2022\/01\/pexels-karolina-grabowska-4705853-1.jpg&#8221; positioning=&#8221;absolute&#8221; min_height=&#8221;379px&#8221; custom_margin=&#8221;-140px||-20px||false|false&#8221; custom_margin_tablet=&#8221;-160px||||false|false&#8221; custom_margin_phone=&#8221;-180px||-20px||false|false&#8221; custom_margin_last_edited=&#8221;on|phone&#8221; locked=&#8221;off&#8221; global_colors_info=&#8221;{}&#8221;][\/et_pb_section][et_pb_section fb_built=&#8221;1&#8243; _builder_version=&#8221;4.14.5&#8243; _module_preset=&#8221;default&#8221; custom_margin_tablet=&#8221;||||false|false&#8221; custom_margin_phone=&#8221;||||false|false&#8221; custom_margin_last_edited=&#8221;on|phone&#8221; custom_padding=&#8221;||||false|false&#8221; locked=&#8221;off&#8221; global_colors_info=&#8221;{}&#8221;][et_pb_row _builder_version=&#8221;4.14.5&#8243; _module_preset=&#8221;default&#8221; custom_padding=&#8221;0px||0px||true|false&#8221; global_colors_info=&#8221;{}&#8221;][et_pb_column type=&#8221;4_4&#8243; _builder_version=&#8221;4.14.5&#8243; _module_preset=&#8221;default&#8221; global_colors_info=&#8221;{}&#8221;][et_pb_text _builder_version=&#8221;4.14.5&#8243; _module_preset=&#8221;default&#8221; header_4_line_height=&#8221;1.4em&#8221; custom_margin=&#8221;||5px||false|false&#8221; custom_padding=&#8221;||||false|false&#8221; header_4_font_size_tablet=&#8221;16px&#8221; header_4_font_size_phone=&#8221;14px&#8221; header_4_font_size_last_edited=&#8221;on|phone&#8221; global_colors_info=&#8221;{}&#8221;]<\/p>\n<h4><span>Anii \u00ee\u0219i pun amprenta asupra lucr\u0103rii originale pe care pietrarul a d\u0103ltuit-o.<\/span><\/h4>\n<h4><span>Uneori, urmele sutelor de ani de c\u00e2nd s-a creat un monument, pot crea o imagine cu totul alt\u0103 dec\u00e2t ceea ce a fost odat\u0103.<\/span><\/h4>\n<p><span><\/span><\/p>\n<p><span><\/span><\/p>\n<h4><span>Dup\u0103 un timp, orice lucrare ajunge s\u0103 fie <strong>restaurat\u0103<\/strong>.<\/span><\/h4>\n<h4><span>Avem oameni talenta\u021bi care \u00eenc\u0103 prelucreaz\u0103 manual piatra de vistea.<\/span><\/h4>\n<h4><span>Meseria de pietrar, cioplitor \u2013 transmis\u0103 din tat\u0103 \u00een fiu, inc\u0103 exist\u0103!<\/span><\/h4>\n<h4><\/h4>\n<h4><span>Datoria noastr\u0103 este s\u0103 p\u0103str\u0103m monumentele culturale \u00een a\u0219a fel \u00eenc\u00e2t genera\u021biile urm\u0103toare s\u0103-\u0219i poat\u0103 amin\u021bi trecutul nostru!<\/span><\/h4>\n<h4><span>Restaur\u0103rile de monumente se fac pentru mul\u021bi ani \u00eenainte!<br \/><\/span><\/h4>\n<h4><span>R\u0103bdarea \u0219i pasiunea cu care se \u0219lefuie\u0219te fiecare bucat\u0103 de piatr\u0103 pentru a-i da forma final\u0103 sunt esen\u021biale. Nu exist\u0103 abatere de la calitate! Monumentele sunt expuse publicului, \u0219i publicul este cel care judec\u0103 fiecare gre\u0219eal\u0103 de execu\u021bie!<\/span><\/h4>\n<h4><span><strong>Restauratorul<\/strong> readuce la lumina frumuse\u021bea fiec\u0103rui milimetru din lucrare! <strong>O readuce la \u201eviat\u0103\u201d<\/strong>.\u00a0<\/span><\/h4>\n<h4><\/h4>\n<p>&nbsp;<\/p>\n<h4><span>Multe \u021b\u0103ri din lume se m\u00e2ndresc cu statui si monumente care de mul\u021bi ani\u00a0 sunt emblema localit\u0103\u021bilor \u00een care se afl\u0103! Ne place s\u0103 c\u0103l\u0103torim, \u0219i multe din locurile pe care le vizit\u0103m ne r\u0103m\u00e2n \u00eentip\u0103rite \u00een amintiri datorit\u0103 acestor monumente l\u00e2ng\u0103 care ne place s\u0103 ne fotografiem. Chiar asociem anumite loca\u021bii vizitate cu f\u00e2nt\u00e2nile arteziene, cu statuile, cu emblemele pe care le-am v\u0103zut acolo! Ele sunt puncte reper \u0219i ne place s\u0103 ne \u201em\u00e2ndrim\u201d c\u0103 am fost acolo!\u00a0<\/span><\/h4>\n<h4><\/h4>\n<p>&nbsp;<\/p>\n<h4><span>Suntem m\u00e2ndri c\u0103 putem contribui la redarea frumuse\u021bii <strong>monumentelor din Cluj-Napoca<\/strong>. O facem cu pl\u0103cere \u0219i cu bucuria c\u0103 \u00een viitor, mul\u021bi dintre dumneavoastr\u0103 ve\u021bi face fotografii l\u00e2ng\u0103 monumentele la care am lucrat \u0219i noi. \u0219i pentru asta, <strong>v\u0103 mul\u021bumim!<\/strong><\/span><\/h4>\n<p>[\/et_pb_text][et_pb_divider color=&#8221;#c0a188&#8243; divider_weight=&#8221;3px&#8221; _builder_version=&#8221;4.14.5&#8243; _module_preset=&#8221;default&#8221; width=&#8221;10%&#8221; width_tablet=&#8221;10%&#8221; width_phone=&#8221;20%&#8221; width_last_edited=&#8221;on|phone&#8221; custom_margin_tablet=&#8221;||20px||false|false&#8221; custom_margin_phone=&#8221;||20px||false|false&#8221; custom_margin_last_edited=&#8221;on|desktop&#8221; global_colors_info=&#8221;{}&#8221;][\/et_pb_divider][\/et_pb_column][\/et_pb_row][et_pb_row column_structure=&#8221;1_2,1_2&#8243; make_equal=&#8221;on&#8221; _builder_version=&#8221;4.14.5&#8243; _module_preset=&#8221;default&#8221; custom_padding=&#8221;||||false|false&#8221; hover_enabled=&#8221;0&#8243; global_colors_info=&#8221;{}&#8221; disabled_on=&#8221;on|on|on&#8221; disabled=&#8221;on&#8221; sticky_enabled=&#8221;0&#8243;][et_pb_column type=&#8221;1_2&#8243; _builder_version=&#8221;4.14.5&#8243; _module_preset=&#8221;default&#8221; global_colors_info=&#8221;{}&#8221;][et_pb_blurb title=&#8221;Matei corvin-2010&#8243; url=&#8221;https:\/\/semineevistea.ro\/index.php\/restaurari\/matei-corvin-2010\/&#8221; image=&#8221;https:\/\/semineevistea.ro\/wp-content\/uploads\/2022\/01\/kjkjkjkj.jpg&#8221; _builder_version=&#8221;4.14.5&#8243; _module_preset=&#8221;default&#8221; header_font=&#8221;|600|||||||&#8221; header_text_align=&#8221;center&#8221; link_option_url=&#8221;https:\/\/semineevistea.ro\/index.php\/restaurari\/matei-corvin-2010\/&#8221; global_colors_info=&#8221;{}&#8221;][\/et_pb_blurb][\/et_pb_column][et_pb_column type=&#8221;1_2&#8243; _builder_version=&#8221;4.14.5&#8243; _module_preset=&#8221;default&#8221; global_colors_info=&#8221;{}&#8221;][et_pb_blurb title=&#8221;Glorie Osta\u0219ului Rom\u00e2n-2014&#8243; url=&#8221;https:\/\/semineevistea.ro\/index.php\/restaurari\/glorie-ostasului-roman-2014\/&#8221; image=&#8221;https:\/\/semineevistea.ro\/wp-content\/uploads\/2022\/01\/glorie-ostasului-roman1jkjk.jpg&#8221; _builder_version=&#8221;4.14.5&#8243; _module_preset=&#8221;default&#8221; header_font=&#8221;|600|||||||&#8221; header_text_align=&#8221;center&#8221; link_option_url=&#8221;https:\/\/semineevistea.ro\/index.php\/restaurari\/glorie-ostasului-roman-2014\/&#8221; global_colors_info=&#8221;{}&#8221;][\/et_pb_blurb][\/et_pb_column][\/et_pb_row][et_pb_row _builder_version=&#8221;4.14.5&#8243; _module_preset=&#8221;default&#8221; column_structure=&#8221;1_2,1_2&#8243; make_equal=&#8221;on&#8221; hover_enabled=&#8221;0&#8243; sticky_enabled=&#8221;0&#8243;][et_pb_column _builder_version=&#8221;4.14.5&#8243; _module_preset=&#8221;default&#8221; type=&#8221;1_2&#8243;][et_pb_blurb title=&#8221;Matei Corvin &#8211; 2010&#8243; url=&#8221;https:\/\/semineevistea.ro\/index.php\/restaurari\/matei-corvin-2010\/&#8221; image=&#8221;https:\/\/semineevistea.ro\/wp-content\/uploads\/2022\/01\/matei-corvin-cluj.jpg&#8221; module_class=&#8221;et_pb_blurb_cat&#8221; _builder_version=&#8221;4.14.5&#8243; _module_preset=&#8221;default&#8221; header_text_align=&#8221;center&#8221; link_option_url=&#8221;https:\/\/semineevistea.ro\/index.php\/restaurari\/matei-corvin-2010\/&#8221; hover_enabled=&#8221;0&#8243; global_colors_info=&#8221;{}&#8221; header_line_height=&#8221;1.4em&#8221; sticky_enabled=&#8221;0&#8243; locked=&#8221;off&#8221; title_text=&#8221;matei-corvin-cluj&#8221;][\/et_pb_blurb][\/et_pb_column][et_pb_column _builder_version=&#8221;4.14.5&#8243; _module_preset=&#8221;default&#8221; type=&#8221;1_2&#8243;][et_pb_blurb title=&#8221;Glorie Osta\u0219ului Rom\u00e2n &#8211; 2014&#8243; url=&#8221;https:\/\/semineevistea.ro\/index.php\/restaurari\/glorie-ostasului-roman-2014\/&#8221; image=&#8221;https:\/\/semineevistea.ro\/wp-content\/uploads\/2022\/01\/glorie-ostasului-roman1.jpg&#8221; module_class=&#8221;et_pb_blurb_cat&#8221; _builder_version=&#8221;4.14.5&#8243; _module_preset=&#8221;default&#8221; header_text_align=&#8221;center&#8221; link_option_url=&#8221;https:\/\/semineevistea.ro\/index.php\/restaurari\/glorie-ostasului-roman-2014\/&#8221; hover_enabled=&#8221;0&#8243; global_colors_info=&#8221;{}&#8221; header_line_height=&#8221;1.4em&#8221; sticky_enabled=&#8221;0&#8243; locked=&#8221;off&#8221; title_text=&#8221;glorie-ostasului-roman1&#8243;][\/et_pb_blurb][\/et_pb_column][\/et_pb_row][\/et_pb_section]<\/p>\n","protected":false},"excerpt":{"rendered":"<p>Restaur\u0103riAnii \u00ee\u0219i pun amprenta asupra lucr\u0103rii originale pe care pietrarul a d\u0103ltuit-o. Uneori, urmele sutelor de ani de c\u00e2nd s-a creat un monument, pot crea o imagine cu totul alt\u0103 dec\u00e2t ceea ce a fost odat\u0103. Dup\u0103 un timp, orice lucrare ajunge s\u0103 fie restaurat\u0103. Avem oameni talenta\u021bi care \u00eenc\u0103 prelucreaz\u0103 manual piatra de vistea. [&hellip;]<\/p>\n","protected":false},"author":3,"featured_media":0,"parent":0,"menu_order":0,"comment_status":"closed","ping_status":"closed","template":"","meta":{"_et_pb_use_builder":"on","_et_pb_old_content":"<!-- wp:divi\/placeholder \/-->","_et_gb_content_width":"","_mi_skip_tracking":false,"_monsterinsights_sitenote_active":false,"_monsterinsights_sitenote_note":"","_monsterinsights_sitenote_category":0,"footnotes":""},"class_list":["post-15","page","type-page","status-publish","hentry"],"yoast_head":"<!-- This site is optimized with the Yoast SEO plugin v18.7 - https:\/\/yoast.com\/wordpress\/plugins\/seo\/ -->\n<title>Restaur\u0103ri - Semineevistea<\/title>\n<meta name=\"robots\" content=\"index, follow, max-snippet:-1, max-image-preview:large, max-video-preview:-1\" \/>\n<link rel=\"canonical\" href=\"https:\/\/semineevistea.ro\/index.php\/restaurari\/\" \/>\n<meta property=\"og:locale\" content=\"ro_RO\" \/>\n<meta property=\"og:type\" content=\"article\" \/>\n<meta property=\"og:title\" content=\"Restaur\u0103ri - Semineevistea\" \/>\n<meta property=\"og:description\" content=\"Restaur\u0103riAnii \u00ee\u0219i pun amprenta asupra lucr\u0103rii originale pe care pietrarul a d\u0103ltuit-o. Uneori, urmele sutelor de ani de c\u00e2nd s-a creat un monument, pot crea o imagine cu totul alt\u0103 dec\u00e2t ceea ce a fost odat\u0103. Dup\u0103 un timp, orice lucrare ajunge s\u0103 fie restaurat\u0103. Avem oameni talenta\u021bi care \u00eenc\u0103 prelucreaz\u0103 manual piatra de vistea. [&hellip;]\" \/>\n<meta property=\"og:url\" content=\"https:\/\/semineevistea.ro\/index.php\/restaurari\/\" \/>\n<meta property=\"og:site_name\" content=\"Semineevistea\" \/>\n<meta property=\"article:modified_time\" content=\"2022-01-31T15:02:59+00:00\" \/>\n<meta name=\"twitter:card\" content=\"summary_large_image\" \/>\n<script type=\"application\/ld+json\" class=\"yoast-schema-graph\">{\"@context\":\"https:\/\/schema.org\",\"@graph\":[{\"@type\":\"Organization\",\"@id\":\"https:\/\/semineevistea.ro\/#organization\",\"name\":\"Seminee Vistea\",\"url\":\"https:\/\/semineevistea.ro\/\",\"sameAs\":[],\"logo\":{\"@type\":\"ImageObject\",\"inLanguage\":\"ro-RO\",\"@id\":\"https:\/\/semineevistea.ro\/#\/schema\/logo\/image\/\",\"url\":\"https:\/\/semineevistea.ro\/wp-content\/uploads\/2022\/01\/Seminee-black.png\",\"contentUrl\":\"https:\/\/semineevistea.ro\/wp-content\/uploads\/2022\/01\/Seminee-black.png\",\"width\":1258,\"height\":487,\"caption\":\"Seminee Vistea\"},\"image\":{\"@id\":\"https:\/\/semineevistea.ro\/#\/schema\/logo\/image\/\"}},{\"@type\":\"WebSite\",\"@id\":\"https:\/\/semineevistea.ro\/#website\",\"url\":\"https:\/\/semineevistea.ro\/\",\"name\":\"Semineevistea\",\"description\":\"\",\"publisher\":{\"@id\":\"https:\/\/semineevistea.ro\/#organization\"},\"potentialAction\":[{\"@type\":\"SearchAction\",\"target\":{\"@type\":\"EntryPoint\",\"urlTemplate\":\"https:\/\/semineevistea.ro\/?s={search_term_string}\"},\"query-input\":\"required name=search_term_string\"}],\"inLanguage\":\"ro-RO\"},{\"@type\":\"WebPage\",\"@id\":\"https:\/\/semineevistea.ro\/index.php\/restaurari\/#webpage\",\"url\":\"https:\/\/semineevistea.ro\/index.php\/restaurari\/\",\"name\":\"Restaur\u0103ri - Semineevistea\",\"isPartOf\":{\"@id\":\"https:\/\/semineevistea.ro\/#website\"},\"datePublished\":\"2022-01-11T20:02:21+00:00\",\"dateModified\":\"2022-01-31T15:02:59+00:00\",\"breadcrumb\":{\"@id\":\"https:\/\/semineevistea.ro\/index.php\/restaurari\/#breadcrumb\"},\"inLanguage\":\"ro-RO\",\"potentialAction\":[{\"@type\":\"ReadAction\",\"target\":[\"https:\/\/semineevistea.ro\/index.php\/restaurari\/\"]}]},{\"@type\":\"BreadcrumbList\",\"@id\":\"https:\/\/semineevistea.ro\/index.php\/restaurari\/#breadcrumb\",\"itemListElement\":[{\"@type\":\"ListItem\",\"position\":1,\"name\":\"Prima pagin\u0103\",\"item\":\"https:\/\/semineevistea.ro\/\"},{\"@type\":\"ListItem\",\"position\":2,\"name\":\"Restaur\u0103ri\"}]}]}<\/script>\n<!-- \/ Yoast SEO plugin. -->","yoast_head_json":{"title":"Restaur\u0103ri - Semineevistea","robots":{"index":"index","follow":"follow","max-snippet":"max-snippet:-1","max-image-preview":"max-image-preview:large","max-video-preview":"max-video-preview:-1"},"canonical":"https:\/\/semineevistea.ro\/index.php\/restaurari\/","og_locale":"ro_RO","og_type":"article","og_title":"Restaur\u0103ri - Semineevistea","og_description":"Restaur\u0103riAnii \u00ee\u0219i pun amprenta asupra lucr\u0103rii originale pe care pietrarul a d\u0103ltuit-o. Uneori, urmele sutelor de ani de c\u00e2nd s-a creat un monument, pot crea o imagine cu totul alt\u0103 dec\u00e2t ceea ce a fost odat\u0103. Dup\u0103 un timp, orice lucrare ajunge s\u0103 fie restaurat\u0103. Avem oameni talenta\u021bi care \u00eenc\u0103 prelucreaz\u0103 manual piatra de vistea. [&hellip;]","og_url":"https:\/\/semineevistea.ro\/index.php\/restaurari\/","og_site_name":"Semineevistea","article_modified_time":"2022-01-31T15:02:59+00:00","twitter_card":"summary_large_image","schema":{"@context":"https:\/\/schema.org","@graph":[{"@type":"Organization","@id":"https:\/\/semineevistea.ro\/#organization","name":"Seminee Vistea","url":"https:\/\/semineevistea.ro\/","sameAs":[],"logo":{"@type":"ImageObject","inLanguage":"ro-RO","@id":"https:\/\/semineevistea.ro\/#\/schema\/logo\/image\/","url":"https:\/\/semineevistea.ro\/wp-content\/uploads\/2022\/01\/Seminee-black.png","contentUrl":"https:\/\/semineevistea.ro\/wp-content\/uploads\/2022\/01\/Seminee-black.png","width":1258,"height":487,"caption":"Seminee Vistea"},"image":{"@id":"https:\/\/semineevistea.ro\/#\/schema\/logo\/image\/"}},{"@type":"WebSite","@id":"https:\/\/semineevistea.ro\/#website","url":"https:\/\/semineevistea.ro\/","name":"Semineevistea","description":"","publisher":{"@id":"https:\/\/semineevistea.ro\/#organization"},"potentialAction":[{"@type":"SearchAction","target":{"@type":"EntryPoint","urlTemplate":"https:\/\/semineevistea.ro\/?s={search_term_string}"},"query-input":"required name=search_term_string"}],"inLanguage":"ro-RO"},{"@type":"WebPage","@id":"https:\/\/semineevistea.ro\/index.php\/restaurari\/#webpage","url":"https:\/\/semineevistea.ro\/index.php\/restaurari\/","name":"Restaur\u0103ri - Semineevistea","isPartOf":{"@id":"https:\/\/semineevistea.ro\/#website"},"datePublished":"2022-01-11T20:02:21+00:00","dateModified":"2022-01-31T15:02:59+00:00","breadcrumb":{"@id":"https:\/\/semineevistea.ro\/index.php\/restaurari\/#breadcrumb"},"inLanguage":"ro-RO","potentialAction":[{"@type":"ReadAction","target":["https:\/\/semineevistea.ro\/index.php\/restaurari\/"]}]},{"@type":"BreadcrumbList","@id":"https:\/\/semineevistea.ro\/index.php\/restaurari\/#breadcrumb","itemListElement":[{"@type":"ListItem","position":1,"name":"Prima pagin\u0103","item":"https:\/\/semineevistea.ro\/"},{"@type":"ListItem","position":2,"name":"Restaur\u0103ri"}]}]}},"_links":{"self":[{"href":"https:\/\/semineevistea.ro\/index.php\/wp-json\/wp\/v2\/pages\/15","targetHints":{"allow":["GET"]}}],"collection":[{"href":"https:\/\/semineevistea.ro\/index.php\/wp-json\/wp\/v2\/pages"}],"about":[{"href":"https:\/\/semineevistea.ro\/index.php\/wp-json\/wp\/v2\/types\/page"}],"author":[{"embeddable":true,"href":"https:\/\/semineevistea.ro\/index.php\/wp-json\/wp\/v2\/users\/3"}],"replies":[{"embeddable":true,"href":"https:\/\/semineevistea.ro\/index.php\/wp-json\/wp\/v2\/comments?post=15"}],"version-history":[{"count":9,"href":"https:\/\/semineevistea.ro\/index.php\/wp-json\/wp\/v2\/pages\/15\/revisions"}],"predecessor-version":[{"id":4298,"href":"https:\/\/semineevistea.ro\/index.php\/wp-json\/wp\/v2\/pages\/15\/revisions\/4298"}],"wp:attachment":[{"href":"https:\/\/semineevistea.ro\/index.php\/wp-json\/wp\/v2\/media?parent=15"}],"curies":[{"name":"wp","href":"https:\/\/api.w.org\/{rel}","templated":true}]}}